are the prime factors of 665347?
29, 22943
List the prime factors of 428891.
61, 79, 89
List the prime factors of 9740661.
3, 7, 23, 43, 67
What are the prime factors of 465446?
2, 53, 4391
List the prime factors of 16574362.
2, 7, 47, 25189
What are the prime factors of 2192184?
2, 3, 17, 199
List the prime factors of 6842859.
3, 41, 55633
What are the prime factors of 3753078?
2, 3, 7, 193, 463
List the prime factors of 28155311.
223, 126257
List the prime factors of 3424531.
11, 17, 18313
What are the prime factors of 3934330?
2, 5, 19, 20707
List the prime factors of 1282918.
2, 7, 13, 19, 53
List the prime factors of 455135.
5, 227, 401
What are the prime factors of 13133698?
2, 6566849
List the prime factors of 384158.
2, 401, 479
What are the prime factors of 183745?
5, 36749
List the prime factors of 3001789.
7, 61261
What are the prime factors of 20965946?
2, 10482973
List the prime factors of 390966.
2, 3, 17, 3833
What are the prime factors of 290478?
2, 3, 48413
List the prime factors of 1969156.
2, 7, 70327
What are the prime factors of 6444814?
2, 199, 16193
What are the prime factors of 150477?
3, 50159
What are the prime factors of 5480567?
5480567
What are the prime factors of 6361773?
3, 11, 192781
List the prime factors of 33712.
2, 7, 43
List the prime factors of 6947811.
3, 13, 43, 1381
List the prime factors of 826458.
2, 3, 137743
List the prime factors of 368267.
113, 3259
What are the prime factors of 1029050?
2, 5, 11, 1871
List the prime factors of 126896.
2, 7, 11, 103
What are the prime factors of 89336?
2, 13, 859
List the prime factors of 6469437.
3, 13, 165883
List the prime factors of 1305996.
2, 3, 43, 2531
List the prime factors of 35685012.
2, 3, 11, 43, 6287
What are the prime factors of 2435889?
3, 569, 1427
List the prime factors of 580796.
2, 23, 59, 107
List the prime factors of 11610548.
2, 2902637
What are the prime factors of 709936?
2, 44371
What are the prime factors of 33183388?
2, 7, 17, 23, 433
List the prime factors of 207541.
207541
List the prime factors of 261150.
2, 3, 5, 1741
What are the prime factors of 10908699?
3, 3636233
What are the prime factors of 43902?
2, 3, 271
What are the prime factors of 2998872?
2, 3, 41651
What are the prime factors of 67672?
2, 11, 769
What are the prime factors of 22425270?
2, 3, 5, 7, 106787
List the prime factors of 3129853.
17, 31, 5939
List the prime factors of 13566831.
3, 73, 61949
List the prime factors of 82886.
2, 41443
What are the prime factors of 6600708?
2, 3, 181, 1013
What are the prime factors of 351941?
353, 997
What are the prime factors of 5320515?
3, 5, 354701
List the prime factors of 142323.
3, 47441
What are the prime factors of 14758183?
11, 163, 8231
List the prime factors of 426660.
2, 3, 5, 13, 547
List the prime factors of 129114.
2, 3, 797
What are the prime factors of 208528?
2, 13033
What are the prime factors of 668841?
3, 222947
What are the prime factors of 2815884?
2, 3, 2897
What are the prime factors of 841757?
7, 19, 6329
List the prime factors of 13294606.
2, 13, 163, 3137
What are the prime factors of 10330975?
5, 41, 10079
List the prime factors of 6253188.
2, 3, 181, 2879
What are the prime factors of 376345?
5, 75269
List the prime factors of 11660777.
751, 15527
What are the prime factors of 5227688?
2, 653461
List the prime factors of 50078.
2, 7, 73
List the prime factors of 227885.
5, 7, 17, 383
What are the prime factors of 464498?
2, 37, 6277
What are the prime factors of 3533332?
2, 11, 131, 613
What are the prime factors of 28260?
2, 3, 5, 157
List the prime factors of 1950812.
2, 487703
List the prime factors of 26837465.
5, 5367493
What are the prime factors of 160826?
2, 97, 829
List the prime factors of 13192222.
2, 1867, 3533
What are the prime factors of 35065911?
3, 61, 89, 2153
What are the prime factors of 27204?
2, 3, 2267
What are the prime factors of 180350?
2, 5, 3607
List the prime factors of 1590735.
3, 5, 173, 613
What are the prime factors of 278843?
278843
What are the prime factors of 4112175?
3, 5, 54829
What are the prime factors of 1685810?
2, 5, 7, 24083
What are the prime factors of 142876?
2, 23, 1553
What are the prime factors of 180000?
2, 3, 5
What are the prime factors of 157295?
5, 163, 193
List the prime factors of 346807.
19, 18253
What are the prime factors of 1568657?
1568657
List the prime factors of 4051425.
3, 5, 7, 7717
List the prime factors of 1363470.
2, 3, 5, 47, 967
What are the prime factors of 9110768?
2, 569423
List the prime factors of 1167329.
1167329
List the prime factors of 5112665.
5, 17, 60149
What are the prime factors of 339091?
339091
What are the prime factors of 236780?
2, 5, 11839
What are the prime factors of 195220?
2, 5, 43, 227
What are the prime factors of 242293?
79, 3067
What are the prime factors of 998192?
2, 13, 4799
What are the prime factors of 128220?
2, 3, 5, 2137
What are the prime factors of 617057?
7, 257
List the prime factors of 1875998.
2, 751, 1249
What are the prime factors of 1153518?
2, 3, 17, 43, 263
What are the prime factors of 165260?
2, 5, 8263
What are the prime factors of 326898?
2, 3, 11, 13, 127
List the prime factors of 354721.
229, 1549
List the prime factors of 6331900.
2, 5, 23, 2753
List the prime factors of 1742729.
73, 23873
List the prime factors of 183630.
2, 3, 5, 6121
What are the prime factors of 144377?
353, 409
List the prime factors of 965892.
2, 3, 80491
List the prime factors of 2044035.
3, 5, 7, 103
What are the prime factors of 8278256?
2, 7, 10559
List the prime factors of 347553.
3, 23, 73
List the prime factors of 9026175.
3, 5, 120349
What are the prime factors of 11028952?
2, 11, 125329
What are the prime factors of 370777?
11, 37, 911
List the prime factors of 172290.
2, 3, 5, 5743
What are the prime factors of 320250?
2, 3, 5, 7, 61
List the prime factors of 3419339.
7, 11, 367
What are the prime factors of 347974?
2, 11, 15817
List the prime factors of 244139.
7, 34877
What are the prime factors of 9950271?
3, 1361, 2437
What are the prime factors of 202218?
2, 3, 33703
List the prime factors of 5394885.
3, 5, 457, 787
What are the prime factors of 333359?
13, 25643
List the prime factors of 1275210.
2, 3, 5, 4723
List the prime factors of 5441553.
3, 13, 37, 419
What are the prime factors of 12042088?
2, 1505261
List the prime factors of 166060.
2, 5, 19, 23
List the prime factors of 510458.
2, 13, 29, 677
What are the prime factors of 4130702?
2, 29, 229, 311
What are the prime factors of 342725?
5, 13709
List the prime factors of 15316.
2, 7, 547
What are the prime factors of 1759964?
2, 439991
List the prime factors of 281195.
5, 56239
List the prime factors of 751862.
2, 375931
What are the prime factors of 1791939?
3, 29, 43, 479
What are the prime factors of 26132?
2, 47, 139
What are the prime factors of 457712?
2, 28607
List the prime factors of 11520508.
2, 41, 199, 353
What are the prime factors of 3029911?
19, 159469
List the prime factors of 20449.
11, 13
List the prime factors of 17031477.
3, 23, 246833
List the prime factors of 28340883.
3, 3148987
What are the prime factors of 24054614?
2, 12027307
List the prime factors of 13302967.
29, 647, 709
What are the prime factors of 18434529?
3, 349, 5869
List the prime factors of 1798677.
3, 199853
What are the prime factors of 2387381?
733, 3257
List the prime factors of 8721126.
2, 3, 79, 6133
What are the prime factors of 10259358?
2, 3, 71, 24083
What are the prime factors of 1032295?
5, 11, 137
What are the prime factors of 5145356?
2, 17, 4451
What are the prime factors of 364195?
5, 13, 431
What are the prime factors of 2889629?
71, 40699
List the prime factors of 188985.
3, 5, 43, 293
List the prime factors of 877401.
3, 7, 19, 733
What are the prime factors of 2215914?
2, 3, 369319
What are the prime factors of 206427?
3, 13, 67, 79
What are the prime factors of 201658?
2, 100829
List the prime factors of 82318.
2, 79, 521
What are the prime factors of 16258549?
109, 149161
What are the prime factors of 408547?
199, 2053
What are the prime factors of 986682?
2, 3, 164447
List the prime factors of 2015604.
2, 3, 6221
What are the prime factors of 3822793?
13, 157, 1873
What are the prime factors of 312349?
312349
Wh